{"id":29,"date":"2020-12-22T14:28:32","date_gmt":"2020-12-22T12:28:32","guid":{"rendered":"https:\/\/strigova.info\/cycleseeing-attractour\/?page_id=29"},"modified":"2021-02-09T12:15:39","modified_gmt":"2021-02-09T10:15:39","slug":"partneri","status":"publish","type":"page","link":"https:\/\/strigova.info\/cycleseeing-attractour\/partneri\/","title":{"rendered":"Partneri"},"content":{"rendered":"<h2>OP\u0106INA \u0160TRIGOVA<\/h2>\n<h4>Op\u0107ina \u0160trigova vode\u0107i je partner u CSA &#8211; CycleSeeing Attractour projektu. Prostire se na 44,79 \u010detvornih kilometara na samom sjeveru Hrvatske u Me\u0111imurskoj \u017eupaniji.<\/h4>\n<p>Op\u0107ina obuhva\u0107a 10 naselja: \u0160trigova, Banfi, Jal\u0161ovec, Grabrovnik, \u017delezna Gora, Prekopa, Sveti Urban, Stanetinec, Robadje i Leskovec s gotovo 3.000 stanovnika. Sjedi\u0161te op\u0107ine nalazi se u \u0160trigovi.<br \/>\n\u0160trigova je mjesto sa slikovitim krajolicima kojima \u017eitelji op\u0107ine daju oblik i smisao kroz poljoprivrednu i vinogradarsku proizvodnju, turizam i ugostiteljstvo, religijske i glazbene programe. Ure\u0111enost prostora i dru\u0161tva prati se u Dr\u017eavnom arhivu za Me\u0111imurje koji sjedi\u0161te ima u \u0160trigovi, u zdanju iz 1912. godine.<br \/>\nNajvi\u0161a to\u010dka u op\u0107ini \u0160trigova je Ma\u0111erkin breg, na kojem \u0107e se kroz projekt izgraditi i opremiti Biciklisti\u010dko informativni centar s vidikovcem.<\/p>\n<p>Web: <a href=\"https:\/\/opcinastrigova.hr\">www.opcinastrigova.hr<\/a><\/p>\n<h2>TURISTI\u010cKA ZAJEDNICA OP\u0106INE \u0160TRIGOVA<\/h2>\n<h4>Turisti\u010dka zajednica Op\u0107ine \u0160trigova lokalna je organizacija koja djeluju po na\u010delu destinacijskog menad\u017ementa. Kako i sam naziv govori djeluje na podru\u010dju Op\u0107ine \u0160trigova.<\/h4>\n<p>Osnovana je 2003. godine radi promicanja i razvoja turizma i gospodarskih interesa pravnih i fizi\u010dkih osoba koje pru\u017eaju ugostiteljske usluge i usluge u turizmu ili obavljaju drugu djelatnost neposredno povezanu s turizmom.<br \/>\nNeke od najatraktivnijih turisti\u010dkih atrakcija destinacije su Crkva svete Marije Magdalene, Crkva svetog Jeronima &#8211; spomenik nulte kategorije u kojoj se nalaze neprocjenjivo vrijedne freske baroknog slikara Ivana Rangera, kapelice, kurije, Ma\u0111erkin breg,brojne ku\u0161aonice i vinogradi Me\u0111imurske vinske ceste. Dodatnu vrijednost \u0160trigova posti\u017ee brojnim manifestacija, kao \u0161to su Urbanovo i Umjetni\u010dka kolonija, koje Turisti\u010dka zajednica Op\u0107ine \u0160trigova organizira kroz cijelu godinu.<\/p>\n<p>Web: <a href=\"https:\/\/www.strigova.info\">www.strigova.info<\/a><\/p>\n<h2>GRAD NAGYKANIZSA<\/h2>\n<h4>Grad Nagykanizsa prostire se na 148,40 \u010detvornih kilometara u pokrajini Zala, na jugozapadu Republike Ma\u0111arske s gotovo 48.000 stanovnika.<\/h4>\n<p>Povijesno sredi\u0161te grada s trgom Erzs\u00e9bet, brojna lica kulture i umjetnosti, o\u010duvane zgrade i crkve, povijesni spomenici i razna doga\u0111anja pru\u017eaju posjetiteljima priliku za opu\u0161tanje i zabavu.<br \/>\nJezero u Nagykanizsi popularno je rekreacijsko sredi\u0161te na kojem \u0107e se zahvaljuju\u0107i projektu izgraditi i opremiti Eko centar za posjetitelje s pumptrack poligonom.<\/p>\n<p>Web: <a href=\"https:\/\/www.nagykanizsa.hu\">www.nagykanizsa.hu<\/a><\/p>\n","protected":false},"excerpt":{"rendered":"<p>OP\u0106INA \u0160TRIGOVA Op\u0107ina \u0160trigova vode\u0107i je partner u CSA &#8211; CycleSeeing Attractour projektu. Prostire se na 44,79 \u010detvornih kilometara na samom sjeveru Hrvatske u Me\u0111imurskoj \u017eupaniji. Op\u0107ina obuhva\u0107a 10 naselja: \u0160trigova, Banfi, Jal\u0161ovec, Grabrovnik, \u017delezna Gora, Prekopa, Sveti Urban, Stanetinec, Robadje i Leskovec s gotovo 3.000 stanovnika. Sjedi\u0161te op\u0107ine nalazi se u \u0160trigovi. \u0160trigova je mjesto sa slikovitim krajolicima kojima \u017eitelji op\u0107ine daju oblik i smisao kroz poljoprivrednu i vinogradarsku &hellip; <\/p>\n","protected":false},"author":1,"featured_media":0,"parent":0,"menu_order":0,"comment_status":"closed","ping_status":"closed","template":"page-templates\/fullwidth.php","meta":{"footnotes":""},"class_list":["post-29","page","type-page","status-publish","hentry"],"_links":{"self":[{"href":"https:\/\/strigova.info\/cycleseeing-attractour\/wp-json\/wp\/v2\/pages\/29","targetHints":{"allow":["GET"]}}],"collection":[{"href":"https:\/\/strigova.info\/cycleseeing-attractour\/wp-json\/wp\/v2\/pages"}],"about":[{"href":"https:\/\/strigova.info\/cycleseeing-attractour\/wp-json\/wp\/v2\/types\/page"}],"author":[{"embeddable":true,"href":"https:\/\/strigova.info\/cycleseeing-attractour\/wp-json\/wp\/v2\/users\/1"}],"replies":[{"embeddable":true,"href":"https:\/\/strigova.info\/cycleseeing-attractour\/wp-json\/wp\/v2\/comments?post=29"}],"version-history":[{"count":7,"href":"https:\/\/strigova.info\/cycleseeing-attractour\/wp-json\/wp\/v2\/pages\/29\/revisions"}],"predecessor-version":[{"id":318,"href":"https:\/\/strigova.info\/cycleseeing-attractour\/wp-json\/wp\/v2\/pages\/29\/revisions\/318"}],"wp:attachment":[{"href":"https:\/\/strigova.info\/cycleseeing-attractour\/wp-json\/wp\/v2\/media?parent=29"}],"curies":[{"name":"wp","href":"https:\/\/api.w.org\/{rel}","templated":true}]}}